201 + 14217. List the prime factors of j.
2, 1291
Let u(b) = -b**3 + 13*b**2 + 14*b - 4. Let o be u(14). Let n = o + 28. List the prime factors of n.
2, 3
Let m(r) = 37*r**2 - 5*r - 4. Let z be (-90)/50 + (-2)/10 - -1. List the prime factors of m(z).
2, 19
Suppose 7*h = -31 + 3. Let w(d) = -49*d + 14. What are the prime factors of w(h)?
2, 3, 5, 7
Let z(a) = 2*a**2 + 8*a + 1. Suppose -3*k - 12 = 3*i, 2*k - 7*k - 3*i = 28. List the prime factors of z(k).
5, 13
Let s be (((-2)/(-8))/1)/((-21)/(-252)). Suppose s*b - 257 = 268. What are the prime factors of b?
5, 7
Let p(f) = -6*f. Let j(k) = 74*k + 4. Let d(a) = j(a) + 12*p(a). Suppose 0 = 2*u - 6, c - 2*u - 1 = 8. List the prime factors of d(c).
2, 17
Suppose -3*c - 5*l = -2*l, 3*c = l - 20. List the prime factors of 5/(15/57) + c.
2, 7
Let q = -456 - -840. List the prime factors of q.
2, 3
Suppose -337 = 6*c + 83. Let b = 5 - c. List the prime factors of b.
3, 5
Let f(k) be the third derivative of 9*k**4/8 - 2*k**3 - k**2. Let i be f(8). Suppose -5*a - 79 = -i. List the prime factors of a.
5
Let g = -57 - -573. Suppose g = -22*z + 24*z. List the prime factors of z.
2, 3, 43
List the prime factors of -1526*15/(-10) - (-2 - -7).
2, 571
Let o(j) = j**2 + 12*j - 6. Let q be o(-7). Let a = 36 + q. What are the prime factors of (a/(-10))/((-2)/(-120))?
2, 3, 5
Let x(q) = 2*q + 42. Let n be x(0). Let m = -39 + n. Suppose 46 = b + m*r, -5*b - 3*r = -115 - 151. What are the prime factors of b?
5, 11
Suppose 5*l + 733 = 2*w, -596 = 2*l + 2*l - 4*w. Let y = l + 229. List the prime factors of y.
2, 3, 7
Let g(z) = -z**3 + 5*z**2 - z + 7. Let b be g(5). Let n(p) = -b*p**2 + p**2 + 6*p + 32 - 5*p. What are the prime factors of n(0)?
2
Suppose 5*s + 0*s - 5*j = -55, 2*s + 3*j = -32. Let r = s - 5. List the prime factors of 677/9 + 4/r.
3, 5
Let v(k) = 8*k + 3 - 10 + 1. Let l be v(4). Suppose l = -0*f + 2*f. What are the prime factors of f?
13
Let a be (-117)/(-156) - (0 - (-35)/4). What are the prime factors of (a*9/(-90))/((-2)/(-60))?
2, 3
Let t(q) = 98*q - 144. What are the prime factors of t(12)?
2, 3, 43
Let m = 914 + -97. What are the prime factors of m?
19, 43
Suppose -14*c + 12*c + 220 = 0. List the prime factors of c.
2, 5, 11
Suppose x - 315 = 500. What are the prime factors of x?
5, 163
Let s(r) = r**2 - 11*r + 12. Let y be s(11). Let n = -3 + y. Let f(a) = -a**3 + 11*a**2 - 13*a - 1. List the prime factors of f(n).
2, 11
Let i(a) = a**2 - 7*a + 15. Let s(g) = 2*g + 10. Let v be s(7). Suppose -2*b - 2*x + 28 = b, -3*x = -b + v. List the prime factors of i(b).
3, 5
Let u = 1583 + -727. What are the prime factors of u?
2, 107
Suppose 0 = -4*g - 161 + 777. What are the prime factors of 1050/g + (-2)/(-11)?
7
Let u(y) = -2*y**3 + 12*y**2 + y - 1. Let w be u(6). Suppose -5*g = 2*v - 470, 3*g = -0*g + w*v + 282. List the prime factors of g.
2, 47
Let k(s) = s + 18. Let c be k(-14). Let o be c*(-3 + 46/4). Suppose o = m - 0*m + f, 2*f - 146 = -4*m. List the prime factors of m.
3, 13
Let d(l) = 5*l**3 + 2*l**2 - 11*l + 43. List the prime factors of d(4).
3, 13
Suppose -4*d + 2172 = -4*n, -33*n + 2178 = 4*d - 31*n. List the prime factors of d.
2, 17
Suppose -23 = -y + j - 0*j, 5*j = -y + 5. Suppose -12 = -4*q + y. List the prime factors of q.
2
Suppose 5*s - 2*s - 3*j = 5670, -3*j - 15 = 0. What are the prime factors of s?
5, 13, 29
Suppose 4*c = -2*n + 7484, -5*n + 21*c = 18*c - 18658. List the prime factors of n.
2, 1867
Let d(c) = 7*c**2 - 5*c + 3. What are the prime factors of d(-4)?
3, 5
Let z(l) = -l + 17. Let j be z(13). Let m be -1*1 - (-8 + j). Suppose 0*k - m*k + t = -38, -42 = -3*k - 3*t. What are the prime factors of k?
13
Suppose -4*l + 336 = 3*i, -4*i + 298 = 4*l - 42. List the prime factors of l.
3
Suppose 0*n = -2*n. Suppose 3*s = -n*s - 12. Let w = 15 + s. What are the prime factors of w?
11
Suppose 5*w + 9 = -1. Suppose -o + 4 = 3. What are the prime factors of 1 + o*(-2)/w?
2
Let g(t) = t**3 + 31*t**2 - 106*t - 32. What are the prime factors of g(-33)?
2, 7, 23
Let u(c) = 5*c**2 + 30. Let r be 2 - 5 - (-6 + 9). List the prime factors of u(r).
2, 3, 5, 7
Let a(s) = s**2 + 16*s + 19. Let g be a(-15). Suppose -g*i + 550 = i. Suppose 0 = -5*r - 5*y + i, -13 - 24 = -r + 4*y. What are the prime factors of r?
5
What are the prime factors of 3383*44/60 - (-4)/30?
3, 827
Let l(f) = 7*f**2 + 7*f - 45. What are the prime factors of l(7)?
347
Suppose -2755 = 33*l - 4*l. Let w = -47 + 208. Let s = w + l. What are the prime factors of s?
2, 3, 11
Suppose -12*m - 498 = -3978. List the prime factors of m.
2, 5, 29
Let z be (-9)/6 - 3/(-6)*13. Suppose 5*u = 5*f - 740, 0 = -z*f + 2*u + 329 + 423. List the prime factors of f.
2, 19
Suppose -5*a - 5*l = -555, -5*l - 105 = -a - 4*l. Suppose 74 = 2*i - 2*h, 2*i = 6*i + 4*h - a. What are the prime factors of i?
2
Suppose -12 = -8*o + 2*o. List the prime factors of ((-328)/o)/(-11 - -9).
2, 41
What are the prime factors of (-16 - -42) + -5 + 0?
3, 7
Let t be (-1)/(-4)*(4 - -8). Let n(f) = t*f - 3*f + f**2 - 1 - 1. List the prime factors of n(5).
23
Let g(i) = i**3 + i**2 + 3*i + 16. Let z be g(0). Suppose 11*n + 55 = z*n. What are the prime factors of n?
11
Let q(v) = -v**3 + 2*v**2 - 3*v. Let n be (-5)/(15/(-18)) - -3. Let u be 2/9 + (-29)/n. List the prime factors of q(u).
2, 3
Suppose -16*i + 22*i - 6108 = 0. List the prime factors of i.
2, 509
Let n(v) = -165 + 3*v + 12*v - 161 + 315. Suppose -2*q = 5 - 15. List the prime factors of n(q).
2
Let u(a) = -2*a**2 + 4*a + 8. Let c be u(0). Let h = -13 + 7. Let g = h + c. What are the prime factors of g?
2
What are the prime factors of -8 + 4 - ((-565 - 3) + 1)?
563
Suppose -20*w - 367587 = -119*w. What are the prime factors of w?
47, 79
Suppose 2*j - 3*o - 18 = 0, j - 2*o - 10 = -0*o. Suppose 2*h - h = j. Suppose 7*k - h*k = 8. What are the prime factors of k?
2
Let d be (-54)/8*(-192)/18. Suppose 0*w - d = -3*w. What are the prime factors of 88/15 - w/(-180)?
2, 3
Let b(y) = 21*y + 40. Let d be b(7). Let u = -104 + d. List the prime factors of u.
83
Suppose -7*k + 395 = -739. List the prime factors of k.
2, 3
Suppose -k = -2*f - 373, 5*f - 3*k - k = -925. Let v = -280 - f. Let l = v - -157. What are the prime factors of l?
2, 3, 11
Let l be ((-1)/(-3))/((-3)/(-27)). Let g be (-10)/l*168/35. Let k = g - -26. What are the prime factors of k?
2, 5
Let a(v) = -v**2 - 11*v - 3. Let t be a(-9). Let q = t - 12. Suppose -5*p = 4*m - 168, m + 48 = p - q*m. List the prime factors of p.
2, 3
Let c(d) = -10*d - 23. Let b(q) = -11*q - 25. Let z(i) = 4*b(i) - 5*c(i). Suppose 2*r = 3*f - 29 + 7, 0 = 4*f + 5*r + 9. What are the prime factors of z(f)?
3, 13
Suppose -2 = -4*s + 5*p + 14, 2*s - 4*p - 8 = 0. Suppose 5*h - 6*o - 19 = -2*o, 0 = 5*o + 5. Suppose -s*z = -8, h*i + 2*z = 15 - 2. List the prime factors of i.
3
Suppose -6*d + 7*d - 4 = -p, 4*p + 5*d - 15 = 0. Suppose 0*g + p*g + 4*a - 207 = 0, -5*g + 192 = -a. What are the prime factors of g?
3, 13
List the prime factors of (27 + -31)*434/(-8).
7, 31
Suppose 92*l - 82*l = 2570. List the prime factors of l.
257
Let g(o) = -3*o + 4. Let r be g(8). Let y = -17 - r. List the prime factors of ((-1)/(-2))/(y/174).
29
Suppose 1562 + 1702 = 6*d. What are the prime factors of d?
2, 17
Suppose -29*a = 2*a - 45880. List the prime factors of a.
2, 5, 37
Suppose -9*y + 21*y = 4788. What are the prime factors of y?
3, 7, 19
Suppose 0 = -h + 5 - 4. Let f be h + -13*(-4)/4. What are the prime factors of f - (-5)/(10/6)?
17
Let n(q) = 4*q**2 + 45*q + 14. What are the prime factors of n(17)?
3, 5, 43
Let b(q) = -q**3 + 8*q**2 - 5*q - 3. Let g be b(7). Let n(k) = -k + 13. Let z be n(g). What are the prime factors of z + (0 - 0) + 2?
2
Let i = -21 - -26. Suppose i*j + 2*s - 298 = 0, -5*s = -4*j - j + 305. What are the prime factors of j?
2, 3, 5
Let w(f) = 6*f**2 - 3*f - 17. Let n be w(5). Let y = -109 + n. What are the prime factors of y?
3
Suppose 1775 + 5255 = 19*t. List the prime factors of t.
2, 5, 37
Suppose 3*x = 5 + 7. Suppose -x*d + 5*n + 85 = 0, -3*n + 17 = d - 0*n. Suppose 0 = 5*m - d, 3*m + 39 = 2*q - 39. List the prime factors of q.
3, 5
Let n(y) = y**2 + 9*y + 10. Let j be n(-6). Let w(c) = c**3 + 11*c**2 + 10*c + 8. What are the prime factors of w(j)?
2, 3, 5
Suppose 5*b -